{"id":8,"date":"2013-05-25T14:36:51","date_gmt":"2013-05-25T12:36:51","guid":{"rendered":"http:\/\/aleyo.cz\/?page_id=8"},"modified":"2016-11-18T15:02:32","modified_gmt":"2016-11-18T14:02:32","slug":"kontakt","status":"publish","type":"page","link":"https:\/\/dravci.pionyr.cz\/?page_id=8","title":{"rendered":"Kontakt"},"content":{"rendered":"<article>\n<div>\n<div>\n<p><strong>Pion\u00fdr, z. s. &#8211; Pion\u00fdrsk\u00e1 skupina DRAVCI<\/strong><br \/>\nDob\u011btick\u00e1 2333\/10, 400 01 \u00dast\u00ed nad Labem<br \/>\nI\u010c: 706 93 501<\/p>\n<p>vedouc\u00ed Rudolf Zeus:<br \/>\nTel.: 777 063 604<br \/>\nE-mail: <a href=\"mailto:rudolfzeus@seznam.cz\">rudolfzeus@seznam.cz<\/a><\/p>\n<\/div>\n<\/div>\n<\/article>\n","protected":false},"excerpt":{"rendered":"<p>Pion\u00fdr, z. s. &#8211; Pion\u00fdrsk\u00e1 skupina DRAVCI Dob\u011btick\u00e1 2333\/10, 400 01 \u00dast\u00ed nad Labem I\u010c: 706 93 501 vedouc\u00ed Rudolf Zeus: Tel.: 777 063 604 E-mail: rudolfzeus@seznam.cz<\/p>\n","protected":false},"author":1,"featured_media":0,"parent":0,"menu_order":5,"comment_status":"closed","ping_status":"closed","template":"","meta":{"footnotes":"","_links_to":"","_links_to_target":""},"class_list":["post-8","page","type-page","status-publish","hentry"],"_links":{"self":[{"href":"https:\/\/dravci.pionyr.cz\/index.php?rest_route=\/wp\/v2\/pages\/8","targetHints":{"allow":["GET"]}}],"collection":[{"href":"https:\/\/dravci.pionyr.cz\/index.php?rest_route=\/wp\/v2\/pages"}],"about":[{"href":"https:\/\/dravci.pionyr.cz\/index.php?rest_route=\/wp\/v2\/types\/page"}],"author":[{"embeddable":true,"href":"https:\/\/dravci.pionyr.cz\/index.php?rest_route=\/wp\/v2\/users\/1"}],"replies":[{"embeddable":true,"href":"https:\/\/dravci.pionyr.cz\/index.php?rest_route=%2Fwp%2Fv2%2Fcomments&post=8"}],"version-history":[{"count":5,"href":"https:\/\/dravci.pionyr.cz\/index.php?rest_route=\/wp\/v2\/pages\/8\/revisions"}],"predecessor-version":[{"id":426,"href":"https:\/\/dravci.pionyr.cz\/index.php?rest_route=\/wp\/v2\/pages\/8\/revisions\/426"}],"wp:attachment":[{"href":"https:\/\/dravci.pionyr.cz\/index.php?rest_route=%2Fwp%2Fv2%2Fmedia&parent=8"}],"curies":[{"name":"wp","href":"https:\/\/api.w.org\/{rel}","templated":true}]}}